 What is the units digit of c?
1
Suppose -3*i + 354 = -2*d, -d + 375 = 3*i + 4*d. Let z = -79 + i. What is the units digit of z?
1
Suppose 67 = 2*g - 5*v - 28, -5*v + 235 = 4*g. What is the tens digit of g?
5
Suppose -3*l = 21 - 6. Let m = l - -9. What is the units digit of m?
4
What is the units digit of (-6)/4*1*4/(-6)?
1
Let n = 4 - -16. What is the units digit of (-10)/15 - n/(-3)?
6
What is the tens digit of -262*(-5)/10 + -2?
2
Suppose 5*x - 10 = -5*z, -z + 2*x = x - 2. Let j = z - -2. What is the units digit of j?
4
Let b(o) = -6 + 7*o**2 + o**3 + 0*o**2 + 2*o**3 - 2*o**3 + 5*o. What is the units digit of b(-5)?
9
Suppose -5*a + 5*m - 19 = -144, 0 = -3*a - 3*m + 45. What is the units digit of a?
0
Let a(l) = -2*l - 6. Suppose -5*c - 28 = -2*t, -6 - 6 = 5*c + 2*t. Let h be a(c). Suppose -k = 2, -p + h*k + 13 = -1. What is the units digit of p?
0
Suppose 7 = -3*u - 4*o, 0 = -o - 2*o - 12. Suppose u*d - 22 = 2*d. What is the units digit of d?
2
Suppose -2*p = -3*t - 2*t - 47, -3*p + 33 = 5*t. What is the tens digit of p?
1
Let z(u) = -2*u**3 - u**2 - 4. What is the tens digit of z(-3)?
4
Suppose 10*g = 8*g - 4. What is the tens digit of (18/15)/(g/(-30))?
1
Suppose -d + 74 = d. What is the units digit of d?
7
Suppose -t = 2*u + 3*u + 5, -5*t + 5*u = -5. Let b(z) = z + 6. What is the units digit of b(t)?
6
Let a be 9/15 - 8/(-20). Suppose 4*i - 15 - a = 0. What is the units digit of i?
4
Let w(v) = -5*v - 13. What is the tens digit of w(-12)?
4
Suppose u - 5 = -2*j + 2, -12 = -3*j - 2*u. Suppose -k = j*k - 30. What is the units digit of k?
0
Let p = 0 - -44. What is the units digit of p?
4
Let v be (3/(-3) - 2)/(-1). Suppose 2*y - 6 = 4*s, 5*y + 0 = -2*s - 9. Let d = v + s. What is the units digit of d?
1
Let i = 78 - 46. What is the units digit of i?
2
Suppose 0 = 2*u + 2*l + 30, -2*u + u = 2*l + 14. Let q = u + 28. What is the tens digit of q?
1
Let j(i) = i**2 - i. Suppose -5*w - 8 = 2*t, 4*t = 2*w - 4*w. Let p be j(w). Suppose -3*s + 9 = 0, -3*s = h - p*s + 1. What is the units digit of h?
8
Suppose w = -3*m + 10, 3*w - 11 = 4*m + 6. Let n = 8 - w. What is the units digit of n?
1
Let p(h) = -17*h + 1. Let i be p(-1). Suppose -2*f + f + 5*v = 13, -3*f - 3*v + 15 = 0. Suppose 0*t - f*t + i = 0. What is the units digit of t?
9
Let c be -20*(0 - (1 - 0)). Let t(n) = -n**2 + 10*n - 19. Let v be t(6). Suppose -c - 20 = -v*s. What is the units digit of s?
8
Let w(t) = -2*t + 10. Let g be w(7). Let c = g + 7. Suppose j + 2 = c*j. What is the units digit of j?
1
Suppose -c - 24 = -j + 10, -3*j = 4*c - 102. What is the units digit of j?
4
Let y = 4 + -4. Let k(n) = 4 + n + 2 - 2*n. What is the units digit of k(y)?
6
Let b(y) be the first derivative of -y**3/3 + 9*y**2/2 + 4. Let s be b(8). Suppose -16 = -2*n - u + s, -5*n - u + 66 = 0. What is the units digit of n?
4
Let z be 0/(-2) + (-28)/(-7). Suppose g = z*u + 14, -5*u - 15 = -g - 0*g. What is the units digit of g?
0
Let i(w) = -w**2 - 11*w + 2. Suppose -16 = 3*r + 11. What is the tens digit of i(r)?
2
Suppose -3*u = 154 - 709. What is the hundreds digit of u?
1
Suppose -3*z + 9 = -9. What is the units digit of z?
6
Suppose -4*q = -2*w - 134, q - 4*w = -3*q + 132. Suppose -4*g + q = -58. What is the tens digit of g?
2
Let v be (-93 + 6)*(-4)/6. Suppose 3*p - v - 35 = 3*t, -5*p - 3*t + 163 = 0. What is the tens digit of p?
3
Suppose -75 + 11 = -4*y - 4*t, 0 = -5*y - 2*t + 95. What is the tens digit of y?
2
Let a = -2 - -5. Suppose a = b - 11. Suppose -b = -0*p - 2*p. What is the units digit of p?
7
Let u(k) = 27*k**2 + k - 4. Let s be u(-2). Suppose -2*v + 3*t = -63, 0 = -4*v - 3*t + t + s. What is the tens digit of v?
2
What is the tens digit of (-8)/(-32) - 110/(-8)?
1
Suppose 5*f - f = 20. Suppose -3*j - 24 = -f*p, -3*p + 6 = -j - 6. Suppose p*z = z + 22. What is the units digit of z?
1
Let n = -42 + 76. What is the units digit of n?
4
Suppose -703 + 103 = -5*s. What is the tens digit of s?
2
Let s(j) = 4*j + 41. What is the units digit of s(8)?
3
Let j be -7*(-1 + 2 - -1). Let g(o) = -o**2 + 9*o + 7. Let h be g(7). Let c = h + j. What is the units digit of c?
7
Let j(x) = 2. Let b(f) = -f. Let k(a) = 3*b(a) - j(a). Let n(m) = -1. Let p(w) = k(w) + 3*n(w). What is the units digit of p(-4)?
7
Let a(h) = h**2 - 4*h + 3. Let p(g) = g - 2. Let r be p(7). Let u = r - 0. What is the units digit of a(u)?
8
Let v(x) = 53*x - 4. What is the tens digit of v(4)?
0
Let n = -2 - -4. What is the units digit of (-1 - -3)*11/n?
1
Suppose -w - 4 - 1 = 0. What is the units digit of 11 - w/((-5)/2)?
9
What is the units digit of (-4)/(-22) + 520/44?
2
Let w = 60 - -342. What is the hundreds digit of w?
4
Let m(s) = 3*s - 7. Let n be m(3). Suppose -2*p - n*p = -68. What is the tens digit of p?
1
Suppose 0 = 13*x - 3*x - 2110. What is the tens digit of x?
1
Suppose 0 = -3*j - 4 - 2. Let u = 5 - j. Suppose 0 = -u*d + 3*d + 16. What is the units digit of d?
4
Let z = -2 + -1. What is the units digit of ((-6)/z)/(3/6)?
4
Let k(l) = 3*l + 30. What is the tens digit of k(5)?
4
Suppose -1 = 2*j - 11. Suppose 4*s + 2*c = -60, j*c - 84 = 4*s - 10. What is the units digit of s/(-6) + 2/(-3)?
2
Let o = 4 - -5. What is the tens digit of (-12)/o*(-81)/6?
1
Suppose 41 = o - 4*h, -4*h = -5 + 21. Let a = 78 - o. What is the units digit of a?
3
Suppose 5*b - 2 = 13. Suppose 4*c = 4*q + 52, -b*q = -5*c + 57 + 8. Suppose c + 17 = 5*m. What is the units digit of m?
6
Suppose 5*b = -2*g + 389, 0 - 555 = -3*g + 2*b. What is the tens digit of g?
8
Suppose 0*s - 3*s + 5*u + 21 = 0, -5*u - 7 = -s. What is the units digit of s?
7
Let w(q) be the first derivative of -4 + 4*q + 1/3*q**3 - 3/2*q**2. What is the units digit of w(3)?
4
Let z = -16 + 25. What is the units digit of z?
9
Let u(n) be the second derivative of n**4/12 + n**3 - 3*n**2 + 4*n. What is the units digit of u(4)?
4
Suppose 19*n = 6*n + 104. What is the units digit of n?
8
Let h(b) = b**2 - 2*b - 4. Let k be h(3). Let n = k + -1. What is the units digit of 3 - (-1 + (n - -4))?
2
Suppose -4*v = 3*p + p - 12, -2*v - 15 = -5*p. Suppose 30 = -v*r + 5*r + 5*d, -r - 4*d + 3 = 0. What is the units digit of r?
7
Suppose 0*o + 4*o = 48. Suppose 4 = v + r - 3, 5*r - 10 = 0. Suppose -v*s - o + 62 = 0. What is the units digit of s?
0
What is the units digit of (-4)/8 - (-213)/6?
5
Suppose -3*h - 5*x + 73 = 0, 5*x + 66 = 4*h - 8. What is the tens digit of h?
2
Let q = -9 + 13. Suppose -q*c + 0*c = -340. Suppose 6*w - c = w. What is the units digit of w?
7
What is the tens digit of 48 + 4 + 2/(-2)?
5
Let c(n) = -6 - 2*n + n**2 + 5 - 1. What is the units digit of c(5)?
3
Let p(x) = -x + 2. Let q be p(-10). What is the tens digit of (-51)/q*(-16)/4?
1
Suppose 2*u - 127 = -3*i, -5*u = -2*u - 3*i - 168. What is the tens digit of u?
5
Suppose 6*y = -463 + 2059. What is the tens digit of y?
6
Suppose 3*d = -7*o + 2*o + 17, 0 = 4*o - 2*d - 18. Suppose -3*r = -o*r + 34. What is the tens digit of r?
3
Suppose 0 = 3*v - 2*v - 172. Suppose 4*y - v = -0*y. What is the tens digit of y?
4
Suppose 0 = -5*c - 4*x - 56 - 95, 0 = -5*x + 5. Let v = c - -19. Let j = -2 - v. What is the tens digit of j?
1
Suppose -4*f = 3*t - 6*f + 55, 5*t + 77 = -4*f. Let w = 34 - t. Suppose 0*v + 3*v = w. What is the tens digit of v?
1
Let g(b) be the first derivative of 4*b**3/3 + b**2 + b - 2. What is the units digit of g(-1)?
3
Let y(i) = i**3 - i - 16. Let o be y(0). Let j = -10 - o. What is the units digit of (4/j)/(10/135)?
9
Suppose -49 + 155 = 2*z. What is the units digit of z?
3
Let x be 15/(-6)*(-4)/5. Let b be 4 - ((-2 - -3) + -2). Suppose -2*r - 17 = b*y, -x*r - 3 = -4*r - y. What is the units digit of r?
4
Suppose 4*r + m = 4*m + 55, -19 = -r - m. What is the units digit of 4/r + 78/8?
0
Let s be ((-1)/2)/(5/(-20)). Let g(n) = -n**3 + 0 - 7*n + 4 + 8*n**s - 1. What is the units digit of g(7)?
3
Let x = -5 + 11. Suppose -33 = -b + x. Suppose -w = -4*w + b. What is the tens digit of w?
1
Let q(j) = 7*j**2 + 11*j - 3. Let c(n) = 3*n**2 + 6*n - 1. Let o(l) = 5*c(l) - 2*q(l). What is the units digit of o(-8)?
1
Suppose -3*i = 2*i - 20. Suppose -1 = -i*y + 3. What is the units digit of y?
1
Let u = 12 + 25. Let d = -24 + u. What is the units digit of d?
3
Let c(k) = -50*k**3 - 2*k**2 + 1. What is the tens dig